
62
Suppose -4*i = 4*b, i = 4*b - 9 - 1. Let o be 29 - i - (-5)/(10/(-4)). Suppose 12 = -o*g + 25*g. Let w(x) = x**3 + 2*x**2 - 2*x. Calculate w(g).
-3
Let u(z) = 44*z + 176. Suppose 130 - 94 = -9*m. What is u(m)?
0
Let i(v) = 2*v**2 + 24*v + 23. Let p be i(-15). Let z = p + -128. Let k(g) = g**2 + 14*g - 11. Calculate k(z).
4
Let s(h) = 2*h + 18. Let f be (19/(-133))/((-12)/(-28)) + (-35)/3. Determine s(f).
-6
Let r(d) = 3*d**3 - 5*d**2 + d - 16. Let u(b) = -8*b**3 + 14*b**2 - 3*b + 44. Let y(k) = 11*r(k) + 4*u(k). Let j be (1/(-2))/(3/(-12)). What is y(j)?
10
Let g(c) = -7*c**3 + c**2 + 110*c - 10. Let z(x) = 13*x**3 - x**2 - 201*x + 20. Let h(n) = 11*g(n) + 6*z(n). Determine h(-5).
-10
Let q(w) = 8*w. Let y(r) = -9*r. Let z(k) = 3*q(k) + 2*y(k). Suppose -2*g + 6 = -74. Suppose 5*x + g = 30. Determine z(x).
-12
Suppose -142 = -14*k - 44*k - 13*k. Let y(f) = 4*f**2 - 58*f + 112. Determine y(k).
12
Let b(v) be the first derivative of -14*v**2 - v - 119. Suppose -2*c + 5*r = -8 - 19, -5*c - 4*r = 15. Calculate b(c).
-29
Let h(q) = 16*q**2 - 22*q**2 - 200*q**3 - 3*q + 3 + 199*q**3. Let l = -420 - -415. Calculate h(l).
-7
Let u(b) = -b**3 - 3*b**2 + 2*b + 4. Suppose 4*p = -3*p + 21. Suppose -a - 3*v + 8 = 0, p*a - v - 10 = 4*v. Suppose -5*o - 10 = a. Calculate u(o).
-2
Suppose 0*s + 2*s + 3*q - 40 = 0, s - 3*q = 11. Let c = 19 - 14. Let l(i) = c - 3*i + 5*i - 6 - s*i. Determine l(-1).
14
Let p(j) = 12*j - 41. Let y = -10775 - -10778. Give p(y).
-5
Suppose -2*n + 48 = 2*z, n + 4*z - 37 = -13. Let x be (-18)/n*-12*1. Let l(q) = q**2 - 8*q - 3. Give l(x).
6
Let q(l) = l**2 - 38*l - 1084. Let s be q(-19). Let i(c) = 20*c**2 - 7*c - 6. What is i(s)?
21
Suppose 3*i - 3*s = 9, -7*i + 2*i = -3*s - 21. Let d be (-1)/(i/(1 - -29)). Let o(g) = g**3 + 4*g**2 - 2*g - 2. Give o(d).
-17
Let h be ((-284)/8)/((-8)/16). Let i = h + -65. Let y(b) = b**2 - 6*b + 6. Determine y(i).
6
Let q(t) = 41*t - 8620. Let u be q(210). Let m(x) = -x**3 - x + 1. Let d(b) = -b**3 + 11*b**2 + 6*b - 20. Let v(y) = -d(y) + 2*m(y). Give v(u).
2
Let v(l) = l + 6. Let o(n) = n - 1. Let a(z) = -17*z - 3 + 7 - z**2 + 6. Let t(d) = -a(d) - 4*o(d). Let r be t(-13). Give v(r).
0
Let q(k) = -k**2 + 2*k. Let r(b) = -11*b + 77. Let u be r(7). Suppose -38*s + 26*s - 48 = u. Determine q(s).
-24
Let v(z) = z**3 + 5*z**2 - z + 5. Suppose 270 = -21*f - 24*f. Calculate v(f).
-25
Let p(w) be the first derivative of -2*w**2 - 8*w + 211. Let g be -5 - (3/(-2))/(27/18). What is p(g)?
8
Suppose -8*z = 643 - 563. Let m(g) = -g**3 - 11*g**2 - 5*g + 6. Determine m(z).
-44
Let q(d) = -13*d**3 + d**2 + 3*d. Let s be q(-1). Suppose 4*h - s = 15*h. Let v(b) = -8*b - 1. Give v(h).
7
Let a(c) = c**3 + 3*c**2 - 3*c - 2. Let f(s) = -s**2 - 6*s + 16. Let v(r) = -r**2 + 3*r + 3. Let w be v(-2). Let x be f(w). Suppose -5*n - x = 6. What is a(n)?
7
Let v(q) = -21 + 14*q + 19*q + 56 - 2*q. Let z(x) = -6*x - 7. Suppose -26 = -4*d + 18. Let o(w) = d*z(w) + 2*v(w). Calculate o(-5).
13
Let a(r) be the second derivative of -5*r**3/3 + 65*r**2/2 - 107*r + 3. Determine a(6).
5
Suppose 0 = 30*h - 16*h - 19*h. Let l(g) = 9*g + 0*g - 8*g + h*g - 9. What is l(11)?
2
Let v(m) = -4*m**2 + m + 149. Let x(s) = -5*s**2 + 2*s + 190. Let u(y) = 4*v(y) - 3*x(y). What is u(-6)?
2
Let z(u) = -u + 2. Let q(f) = 8*f**2 - 5*f - 1. Let o = -134 + 133. Let g be q(o). Calculate z(g).
-10
Let b(d) = -11*d**2 + 27*d - 27. Let f(c) = 2*c**2 + c - 3. Let a(r) = b(r) + 5*f(r). Determine a(31).
-11
Let r(f) = f**2 + 1. Let g be r(-1). Suppose 0 = -5*o, o = -g*s + 3*s. Let c(m) = m**3 + m**2 - m - 16. Calculate c(s).
-16
Suppose 0 = 3*s + 4*z + 365, -5*s - 346 = 2*z + 281. Let c = s - -131. Let f(n) = n**3 - 4*n**2 + 2*n - 6. Determine f(c).
2
Let j(r) = -r**3 + 6*r**2 - r + 3. Let o(b) be the second derivative of b**3/6 - 5*b**2 + 6*b + 1. Let c be o(16). Give j(c).
-3
Suppose 0 = -3*p + 4*d - 1361 + 1384, -3*p - d = -13. Let f(u) = 5*u + 26. Give f(p).
51
Let m be ((-6)/6)/(2/4 - 1). Let d(k) = 0*k + 4 - 1 + k**m + 2*k + 0*k. Calculate d(-3).
6
Suppose 0 = -75*t - 3*t + 8*t - 630. Let f(h) = -7*h**3 + 25*h**2 - 18*h - 15. Let z(o) = 3*o**3 - 12*o**2 + 9*o + 7. Let u(s) = -4*f(s) - 9*z(s). What is u(t)?
-3
Suppose 0 = 13152*d - 13157*d - 25. Let b(v) = -3*v + 26. Calculate b(d).
41
Let b(l) be the second derivative of l**5/20 - 5*l**4/12 - 2*l**3/3 - 5*l**2/2 + 42*l. Suppose 0 = -r - 6 - 17. Let y = 29 + r. Determine b(y).
7
Suppose s = 2*u - 3*s - 8, -4*u + 4*s + 16 = 0. Let g = -5 + u. Let n(b) be the first derivative of -5*b**3/3 + 159. Give n(g).
-5
Let m(w) = w - 1. Let s(v) = v**2 - 6*v - 1. Let n(k) = k**2 - 6*k - 1. Let l(p) = 5*n(p) - 6*s(p). Let o(d) = l(d) - 2*m(d). Let h = 0 + 6. What is o(h)?
-9
Let q(y) be the second derivative of -y**3/6 + 9*y**2 - y + 295. Suppose 65 = -57*s + 62*s. Calculate q(s).
5
Suppose 0 = 43*l - 2662 + 2791. Let x(d) = -33*d - 105. What is x(l)?
-6
Let d be (52/(-12))/(7/(-21)). Suppose -d*k + 18*k = -10. Let n(j) = 17*j + 1. Give n(k).
-33
Suppose -29*y + 51*y + 132 = 0. Let r be 3/(-6)*2*-7. Let q(i) = 10*i**2 - 4*i - 5*i**2 + r - 1 + i**3. What is q(y)?
-6
Let s be ((-6)/(-8)*-2)/(43/(-6278)). Let h = s - 220. Let i(w) = 14*w**2 - 1. What is i(h)?
13
Let b = 246 - 244. Let d(l) = -32 + 46 - 17*l**b - 15. Give d(-1).
-18
Let s(b) = b**2 + 7*b - 4. Suppose 40 = -7*z - 37. Let o(x) = -x + 61. Let u(n) = -20. Let d(w) = z*u(w) - 4*o(w). Let g be d(4). Determine s(g).
4
Suppose -6518*s + 56 = -6504*s. Let a(z) = -3 - 2*z + 6 - z. Determine a(s).
-9
Let y(x) = -2*x**2 - 19*x + 66. Let j(d) = -2*d**2 - 17*d + 65. Let g(s) = -7*j(s) + 6*y(s). Let k(l) be the first derivative of g(l). What is k(-2)?
-3
Suppose -5*o = 2*x - 286, -2*o + x + 111 = -7. Suppose o*c + 198 = -34. Let w(d) = 2*d**2 + 5*d. Give w(c).
12
Let p be (-58)/1856 + 380/(-128). Let m(c) = 7*c - 42. Give m(p).
-63
Let j(h) = -h**2 - h - 4. Let g be j(0). Let b(w) be the second derivative of -3/2*w**2 - 1/2*w**3 + 735*w + 0. What is b(g)?
9
Let o(h) = -h**3 + 3*h**2 + 2*h + 2. Let x(g) = -4*g + 3 - 1 - 1. Let b be x(1). Let v(z) = -z**3 + 4*z**2 + 2*z + 3. Let p(f) = b*v(f) + 4*o(f). What is p(2)?
-5
Let y(m) be the second derivative of -7*m**5/20 + m**3/3 - m**2/2 - 9*m + 9. Let q(k) = -k**3 - 6*k**2 - 7*k - 9. Let a be q(-5). Determine y(a).
-6
Suppose 0*h + 5*m + 29 = -h, 14 = -h - 2*m. Let p(w) = -5*w - 5. Let x(q) = -6*q - 4. Let y(v) = h*x(v) + 5*p(v). Give y(-8).
-1
Let w(b) = -b**2 + 9*b - 7. Let x = 72 + -66. Let f(m) be the third derivative of m**5/30 - 11*m**4/24 + m**3/6 - 11*m**2. Let n be f(x). Calculate w(n).
7
Let o(w) = -w - 2. Suppose -2383*r + 1 = -2378*r + 16. What is o(r)?
1
Let h(w) = 6 + 12*w**2 + 4*w + 2*w**3 - 3*w**3 + 2*w - 14*w**2. Let a(p) = 7*p**3 - 36*p**2 + 3*p + 6. Let i be a(5). Determine h(i).
14
Let x(g) = -g + 3. Let y = -4231 + 4234. Give x(y).
0
Let n = -2234 + 2242. Let x(r) = r**2 - 14*r + 43. Calculate x(n).
-5
Let n be 4/(-10)*(579 + -544) - -17. Let l(x) = -x**2 + 11*x - x**2 - 16 - 3*x. Let a(j) = -j**2 + 3*j - 5. Let k(b) = -7*a(b) + 2*l(b). Give k(n).
15
Let t(v) = 24*v - 23. Let r(a) = -5*a + 8. Let s(i) = -9*r(i) - 2*t(i). Calculate s(-7).
-5
Let f(t) = -6*t - t**2 + 1535 - t - 3*t - 1491. Calculate f(-14).
-12
Let h be (16 - 8) + -34 + 19. Let f(w) = -13*w - 92. Calculate f(h).
-1
Let k = 6055/3 - 24215/12. Let w(z) be the second derivative of 1/20*z**5 - k*z**4 + 8*z - 1/2*z**3 + 2*z**2 + 0. Determine w(5).
-11
Let c = 3 - 1. Let r(k) = -4*k**2 - k**3 - 4*k**2 + 3*k**c - 3*k - 1. Let q be 36 - (56 + -21 + 5). Calculate r(q).
-5
Let l(y) = 4*y + 30. Suppose 0 = 2*m + 3*u - 4, 3*u - 46 = -35*m + 39*m. Determine l(m).
2
Let o(k) be the second derivative of 17*k**3/6 + 293*k**2 - 2838*k. What is o(-34)?
8
Suppose -14*z + 2*z - 72 = 0. Let t(o) = 4*o + 24. Let p be t(z). Let u(m) = m + m - m + p. Give u(-5).
-5
Let r(j) = -j**3 + 5*j**2 - j + 9. Let f be r(5). Suppose -2*g - 2*g + 5*l = 65, -70 = 5*g - f*l. Let m(d) = -d - 7. Determine m(g).
3
Let q(t) = -t**2 - 7*t - 7. Suppose 4*x + 6 = -6 - 28. Determine q(x).
-37
Let d(y) = -119*y - 53. Let f(m) = -24*m - 1. Let g(o) = d(o) - 5*f(o). Give g(0).
-48
Let x = 53 - 53. Suppose i + 4*r - 2 = 3*r, i - r - 6 = x. Let w(n) = n**3 - 4*n**2 + 4*n + 2. Determine 